{"id":1973,"date":"2025-09-23T08:54:16","date_gmt":"2025-09-23T08:54:16","guid":{"rendered":"https:\/\/savaria2020.eu\/word\/?page_id=1973"},"modified":"2025-09-23T08:56:48","modified_gmt":"2025-09-23T08:56:48","slug":"1973-2","status":"publish","type":"page","link":"https:\/\/savaria2020.eu\/word\/1973-2\/","title":{"rendered":""},"content":{"rendered":"<p>&nbsp;<\/p>\n<p><img decoding=\"async\" class=\"alignnone size-fusion-600 wp-image-1729\" src=\"https:\/\/savaria2020.eu\/word\/wp-content\/uploads\/2025\/06\/kedvezmenyezetti_infoblokk_fekvo_magyar_rgb_page-0001-600x171.jpg\" alt=\"\" width=\"600\" height=\"171\"><\/p>\n<p><strong>Projekt azonos\u00edt\u00f3 sz\u00e1ma: TOP_PLUSZ-1.3.2-23-SH1-2025-00007<br \/>\n<\/strong><strong>Projekt c\u00edme: Z\u00f6ldfel\u00fcletfejleszt\u00e9s Szombathelyen<\/strong><\/p>\n<p><strong><u>A projekt c\u00e9lja \u00e9s r\u00f6vid \u00f6sszefoglal\u00e1sa:&nbsp;<\/u><\/strong><\/p>\n<p>Szombathely Megyei Jog\u00fa V\u00e1ros \u00d6nkorm\u00e1nyzata, a Ter\u00fclet- \u00e9s Telep\u00fcl\u00e9sfejleszt\u00e9si Operat\u00edv Program Plusz (TOP PLUSZ) keret\u00e9ben a TOP PLUSZ 1.3.2 jel\u0171, \u201eFenntarthat\u00f3 v\u00e1rosfejleszt\u00e9s\u201d c. p\u00e1ly\u00e1zati felh\u00edv\u00e1sra, TOP_PLUSZ-1.3.2-23-SH1-2025-00007 azonos\u00edt\u00f3sz\u00e1mmal \u201eZ\u00f6ldfel\u00fcletfejleszt\u00e9s Szombathelyen\u201d c\u00edmmel p\u00e1ly\u00e1zatot ny\u00fajtott be, amely alapj\u00e1n 695&nbsp;milli\u00f3 forint \u00f6sszeg\u0171&nbsp;vissza nem t\u00e9r\u00edtend\u0151 eur\u00f3pai uni\u00f3s t\u00e1mogat\u00e1sban r\u00e9szes\u00fclt. A projekt a Sz\u00e9chenyi Terv Plusz program keret\u00e9ben, az Eur\u00f3pai Uni\u00f3 t\u00e1mogat\u00e1s\u00e1val, a magyar \u00e1llam t\u00e1rsfinansz\u00edroz\u00e1s\u00e1val val\u00f3sul meg.<\/p>\n<p>A \u201eZ\u00f6ldfel\u00fcletfejleszt\u00e9s Szombathelyen\u201d c. projekt legf\u0151bb c\u00e9lja a megl\u00e9v\u0151 z\u00f6ldter\u00fcletek hasznos\u00edt\u00e1s\u00e1val \u00e9s \u00fajragondol\u00e1s\u00e1val min\u00e9l \u00e9lhet\u0151bb k\u00f6rnyezet kialak\u00edt\u00e1sa v\u00e1rosunkban. A fejleszt\u00e9s megval\u00f3s\u00edt\u00e1s\u00e1val javul a telep\u00fcl\u00e9s \u00e1ltal\u00e1nos k\u00f6rnyezeti \u00e1llapota \u00e9s \u00faj, akt\u00edv rekre\u00e1ci\u00f3s z\u00f6ldfel\u00fcletek l\u00e9tes\u00fclnek.&nbsp; A fejleszt\u00e9si helysz\u00ednek \u00e1llapotfelm\u00e9r\u00e9s\u00e9b\u0151l \u00e1ltal\u00e1noss\u00e1gban meg\u00e1llap\u00edthat\u00f3, hogy a jelenleg leromlott \u00e1llapot\u00fa ter\u00fcletek fel\u00faj\u00edt\u00e1sa sz\u00fcks\u00e9gess\u00e9 v\u00e1lt oly m\u00f3don, hogy az ott \u00e9l\u0151k ig\u00e9nyeire reflekt\u00e1l\u00f3, v\u00e1rosi komfort \u00e9rzet er\u0151s\u00edt\u00e9s\u00e9t szolg\u00e1l\u00f3 beruh\u00e1z\u00e1sokkal jav\u00edtsuk k\u00f6zter\u00fcleteink \u00e1llapot\u00e1t. A fejleszt\u00e9sre kijel\u00f6lt ter\u00fcleteken megval\u00f3sul\u00f3 tev\u00e9kenys\u00e9gek a megl\u00e9v\u0151 hi\u00e1nyoss\u00e1gok cs\u00f6kkent\u00e9s\u00e9t szolg\u00e1lj\u00e1k az adott m\u0171szaki-fizikai lehet\u0151s\u00e9gek figyelembev\u00e9tel\u00e9vel.<\/p>\n<p><u>Jelen projekt keret\u00e9ben tervezett fejleszt\u00e9sek: <\/u><\/p>\n<ul>\n<li>B\u00fazavir\u00e1g park fejleszt\u00e9se (hrsz.1265)<\/li>\n<li>11-es Husz\u00e1r \u00fati t\u00f6mbbels\u0151ben l\u00e9v\u0151 j\u00e1tsz\u00f3t\u00e9r fel\u00faj\u00edt\u00e1sa (hrsz. 2164\/10)<\/li>\n<li>Sz\u0171rcsap\u00f3 u. 12-14. \u00e9s 16-18. sz. h\u00e1zt\u00f6mb\u00f6k k\u00f6z\u00f6tt z\u00f6ldfel\u00fclet fejleszt\u00e9se (hrsz.2778)<\/li>\n<li>K\u00e1roly R. utca 17. m\u00f6g\u00f6tti park fel\u00faj\u00edt\u00e1sa (hrsz. 9146\/13)<\/li>\n<li>Hunyadi u. 51. j\u00e1tsz\u00f3t\u00e9r kialak\u00edt\u00e1sa (hrsz. 8205\/12)<\/li>\n<li>Di\u00f3fa u. 5-6. sz. m\u00f6g\u00f6tti t\u00f6mbbels\u0151 z\u00f6ldter\u00fclet fejleszt\u00e9se (hrsz. 9591\/14)<\/li>\n<li>K\u0151r\u00f6si u. \u2013 Fogarasi u. t\u00f6mbbels\u0151 j\u00e1tsz\u00f3t\u00e9r fejleszt\u00e9se (hrsz. 9628\/7)<\/li>\n<li>Termel\u0151k u. \u2013 Alp\u00e1r Gy. u. (\u00dajperint) j\u00e1tsz\u00f3t\u00e9r fejleszt\u00e9se (hrsz.10698)<\/li>\n<li>\u00c9hen Gy. t\u00e9r fel\u00faj\u00edt\u00e1sa (hrsz. 6752)<\/li>\n<\/ul>\n<p><u>A projekt eredm\u00e9nyess\u00e9g\u00e9t m\u00e9r\u0151 mutat\u00f3k:<\/u><\/p>\n<ul>\n<li>Az \u00e9ghajlatv\u00e1ltoz\u00e1shoz val\u00f3 alkalmazkod\u00e1s c\u00e9lj\u00e1b\u00f3l \u00e9p\u00edtett vagy fel\u00faj\u00edtott z\u00f6ldinfrastrukt\u00fara: 1,34 ha<\/li>\n<\/ul>\n<p><strong>Kedvezm\u00e9nyezett (Konzorciumvezet\u0151): Szombathely Megyei Jog\u00fa V\u00e1ros \u00d6nkorm\u00e1nyzata<\/strong><\/p>\n<p><strong>Konzorciumi tagok:<\/strong><\/p>\n<ul>\n<li><strong>Savaria V\u00e1rosfejleszt\u00e9si Nonprofit Kft.<\/strong><\/li>\n<li><strong>\u00c9p\u00edt\u00e9si \u00e9s K\u00f6zleked\u00e9si Miniszt\u00e9rium<\/strong><\/li>\n<\/ul>\n<p><strong>Meg\u00edt\u00e9lt t\u00e1mogat\u00e1s: 695&nbsp;000 000,- Ft<br \/>\n<\/strong><strong>T\u00e1mogat\u00e1s m\u00e9rt\u00e9ke: 100%<br \/>\n<\/strong><strong>Megval\u00f3s\u00edt\u00e1si id\u0151szak: 2025.07.01. &#8211; 2028.12.31.<\/strong><\/p>\n","protected":false},"excerpt":{"rendered":"<p>&nbsp; Projekt azonos\u00edt\u00f3 sz\u00e1ma: TOP_PLUSZ-1.3.2-23-SH1-2025-00007 Projekt c\u00edme: Z\u00f6ldfel\u00fcletfejleszt\u00e9s Szombathelyen A  [&#8230;]<\/p>\n","protected":false},"author":2,"featured_media":0,"parent":0,"menu_order":0,"comment_status":"closed","ping_status":"closed","template":"","meta":{"ngg_post_thumbnail":0,"footnotes":""},"class_list":["post-1973","page","type-page","status-publish","hentry"],"_links":{"self":[{"href":"https:\/\/savaria2020.eu\/word\/wp-json\/wp\/v2\/pages\/1973","targetHints":{"allow":["GET"]}}],"collection":[{"href":"https:\/\/savaria2020.eu\/word\/wp-json\/wp\/v2\/pages"}],"about":[{"href":"https:\/\/savaria2020.eu\/word\/wp-json\/wp\/v2\/types\/page"}],"author":[{"embeddable":true,"href":"https:\/\/savaria2020.eu\/word\/wp-json\/wp\/v2\/users\/2"}],"replies":[{"embeddable":true,"href":"https:\/\/savaria2020.eu\/word\/wp-json\/wp\/v2\/comments?post=1973"}],"version-history":[{"count":3,"href":"https:\/\/savaria2020.eu\/word\/wp-json\/wp\/v2\/pages\/1973\/revisions"}],"predecessor-version":[{"id":1977,"href":"https:\/\/savaria2020.eu\/word\/wp-json\/wp\/v2\/pages\/1973\/revisions\/1977"}],"wp:attachment":[{"href":"https:\/\/savaria2020.eu\/word\/wp-json\/wp\/v2\/media?parent=1973"}],"curies":[{"name":"wp","href":"https:\/\/api.w.org\/{rel}","templated":true}]}}