{"id":1952,"date":"2025-09-04T12:49:33","date_gmt":"2025-09-04T12:49:33","guid":{"rendered":"https:\/\/savaria2020.eu\/word\/?page_id=1952"},"modified":"2025-09-29T10:02:49","modified_gmt":"2025-09-29T10:02:49","slug":"top_plusz-3-2-1-23-fenntarthato-human-fejlesztesekesza","status":"publish","type":"page","link":"https:\/\/savaria2020.eu\/word\/top_plusz-3-2-1-23-fenntarthato-human-fejlesztesekesza\/","title":{"rendered":"TOP_PLUSZ &#8211; 3.2.1-23 &#8211; Fenntarthat\u00f3 hum\u00e1n fejleszt\u00e9sek(ESZA)"},"content":{"rendered":"<p><strong>Ter\u00fclet- \u00e9s Telep\u00fcl\u00e9sfejleszt\u00e9si Operat\u00edv Program Plusz \u201eFenntarthat\u00f3 hum\u00e1n fejleszt\u00e9sek (ESZA)\u201d c\u00edm\u0171 felh\u00edv\u00e1s keret\u00e9ben megval\u00f3sul\u00f3 projektek:<\/strong><\/p>\n<table style=\"height: 654px;\" width=\"1174\">\n<tbody>\n<tr>\n<td align=\"center\" valign=\"center\" width=\"300\" height=\"100\"><img decoding=\"async\" class=\"alignnone wp-image-1729\" src=\"https:\/\/savaria2020.eu\/word\/wp-content\/uploads\/2025\/06\/kedvezmenyezetti_infoblokk_fekvo_magyar_rgb_page-0001.jpg\" alt=\"\" width=\"280\" height=\"80\"><\/td>\n<td style=\"text-align: left;\"><a href=\"https:\/\/savaria2020.eu\/word\/?page_id=1978&amp;preview=true\">TOP_PLUSZ-3.2.1-23-SH1-2025-00001 &#8211; \u201eK\u00f6z\u00f6ss\u00e9gfejleszt\u00e9s Szombathelyen\u201d<\/a><\/p>\n<hr>\n<\/td>\n<\/tr>\n<tr>\n<td align=\"center\" valign=\"center\" width=\"300\" height=\"100\"><img decoding=\"async\" class=\"alignnone wp-image-1729\" src=\"https:\/\/savaria2020.eu\/word\/wp-content\/uploads\/2025\/06\/kedvezmenyezetti_infoblokk_fekvo_magyar_rgb_page-0001.jpg\" alt=\"\" width=\"280\" height=\"80\"><\/td>\n<td style=\"text-align: left;\"><a href=\"https:\/\/savaria2020.eu\/word\/top_plusz-3-2-1-23-sh1-2025-00002-helyi-human-fejleszteseket-celzo-programok-megvalositasa\/\">TOP_PLUSZ-3.2.1-23-SH1-2025-00002 &#8211; \u201eHelyi hum\u00e1n fejleszt\u00e9seket c\u00e9lz\u00f3 programok megval\u00f3s\u00edt\u00e1sa\u201d<\/a><\/p>\n<hr>\n<\/td>\n<\/tr>\n<tr>\n<td align=\"center\" valign=\"center\" width=\"300\" height=\"100\"><img decoding=\"async\" class=\"aligncenter wp-image-1729\" src=\"https:\/\/savaria2020.eu\/word\/wp-content\/uploads\/2025\/06\/kedvezmenyezetti_infoblokk_fekvo_magyar_rgb_page-0001.jpg\" alt=\"\" width=\"280\" height=\"80\"><\/td>\n<td style=\"text-align: left;\"><a href=\"https:\/\/savaria2020.eu\/word\/top_plusz-3-2-1-23-sh1-2025-00003-identitaserosito-folyamatok-tamogatasa-programok-megvalositasa-2\/\">TOP_PLUSZ-3.2.1-23-SH1-2025-00003 &#8211; \u201eIdentit\u00e1s er\u0151s\u00edt\u0151 folyamatok t\u00e1mogat\u00e1sa, programok megval\u00f3s\u00edt\u00e1sa\u201d<\/a><\/p>\n<hr>\n<p>&nbsp;<\/td>\n<\/tr>\n<\/tbody>\n<\/table>\n","protected":false},"excerpt":{"rendered":"<p>Ter\u00fclet- \u00e9s Telep\u00fcl\u00e9sfejleszt\u00e9si Operat\u00edv Program Plusz \u201eFenntarthat\u00f3 hum\u00e1n fejleszt\u00e9sek (ESZA)\u201d  [&#8230;]<\/p>\n","protected":false},"author":2,"featured_media":0,"parent":0,"menu_order":0,"comment_status":"closed","ping_status":"closed","template":"","meta":{"ngg_post_thumbnail":0,"footnotes":""},"class_list":["post-1952","page","type-page","status-publish","hentry"],"_links":{"self":[{"href":"https:\/\/savaria2020.eu\/word\/wp-json\/wp\/v2\/pages\/1952","targetHints":{"allow":["GET"]}}],"collection":[{"href":"https:\/\/savaria2020.eu\/word\/wp-json\/wp\/v2\/pages"}],"about":[{"href":"https:\/\/savaria2020.eu\/word\/wp-json\/wp\/v2\/types\/page"}],"author":[{"embeddable":true,"href":"https:\/\/savaria2020.eu\/word\/wp-json\/wp\/v2\/users\/2"}],"replies":[{"embeddable":true,"href":"https:\/\/savaria2020.eu\/word\/wp-json\/wp\/v2\/comments?post=1952"}],"version-history":[{"count":14,"href":"https:\/\/savaria2020.eu\/word\/wp-json\/wp\/v2\/pages\/1952\/revisions"}],"predecessor-version":[{"id":1991,"href":"https:\/\/savaria2020.eu\/word\/wp-json\/wp\/v2\/pages\/1952\/revisions\/1991"}],"wp:attachment":[{"href":"https:\/\/savaria2020.eu\/word\/wp-json\/wp\/v2\/media?parent=1952"}],"curies":[{"name":"wp","href":"https:\/\/api.w.org\/{rel}","templated":true}]}}