{"id":1918,"date":"2025-08-26T08:32:42","date_gmt":"2025-08-26T08:32:42","guid":{"rendered":"https:\/\/savaria2020.eu\/word\/?page_id=1918"},"modified":"2025-08-26T08:53:13","modified_gmt":"2025-08-26T08:53:13","slug":"top_plusz-1-3-2-23-fenntarthato-varosfejlesztes-copy","status":"publish","type":"page","link":"https:\/\/savaria2020.eu\/word\/top_plusz-1-3-2-23-fenntarthato-varosfejlesztes-copy\/","title":{"rendered":"TOP_PLUSZ-6.2.1-23- Fenntarthat\u00f3 versenyk\u00e9pes v\u00e1rosfejleszt\u00e9s"},"content":{"rendered":"<p><strong>Ter\u00fclet- \u00e9s Telep\u00fcl\u00e9sfejleszt\u00e9si Operat\u00edv Program Plusz \u201eFenntarthat\u00f3 versenyk\u00e9pes v\u00e1rosfejleszt\u00e9s\u201d c\u00edm\u0171 felh\u00edv\u00e1s keret\u00e9ben megval\u00f3sul\u00f3 projekt:<\/strong><\/p>\n<table>\n<tbody>\n<tr>\n<td align=\"center\" valign=\"center\" width=\"300\" height=\"100\"><img decoding=\"async\" class=\"alignnone wp-image-1729\" src=\"https:\/\/savaria2020.eu\/word\/wp-content\/uploads\/2025\/06\/kedvezmenyezetti_infoblokk_fekvo_magyar_rgb_page-0001.jpg\" alt=\"\" width=\"238\" height=\"68\"><\/td>\n<td style=\"text-align: left;\"><a href=\"https:\/\/savaria2020.eu\/word\/top_plusz-6-2-1-23-sh1-2024-00001-sardi-er-iparterulet-fejlesztese-kivezeto-ut-epitese\/\">TOP_PLUSZ-6.2.1-23-SH1-2024-00001 &#8211; \u201eS\u00e1rdi-\u00e9ri iparter\u00fclet fejleszt\u00e9se, kivezet\u0151 \u00fat \u00e9p\u00edt\u00e9se\u201d<\/a><\/p>\n<hr>\n<\/td>\n<\/tr>\n<tr>\n<td align=\"center\" valign=\"center\" width=\"300\" height=\"100\">&nbsp;<\/td>\n<td style=\"text-align: left;\">&nbsp;<\/td>\n<\/tr>\n<tr>\n<td align=\"center\" valign=\"center\" width=\"300\" height=\"100\">&nbsp;<\/td>\n<td style=\"text-align: left;\">&nbsp;<\/td>\n<\/tr>\n<tr>\n<td align=\"center\" valign=\"center\" width=\"300\" height=\"100\">&nbsp;<\/td>\n<td style=\"text-align: left;\">&nbsp;<\/td>\n<\/tr>\n<tr>\n<td align=\"center\" valign=\"center\" width=\"300\" height=\"100\">&nbsp;<\/td>\n<td style=\"text-align: left;\">&nbsp;<\/td>\n<\/tr>\n<tr>\n<td align=\"center\" valign=\"center\" width=\"300\" height=\"100\">&nbsp;<\/td>\n<td style=\"text-align: left;\">&nbsp;<\/td>\n<\/tr>\n<tr>\n<td align=\"center\" valign=\"center\" width=\"300\" height=\"100\">&nbsp;<\/td>\n<td style=\"text-align: left;\">&nbsp;<\/td>\n<\/tr>\n<tr>\n<td align=\"center\" valign=\"center\" width=\"300\" height=\"100\">&nbsp;<\/td>\n<td style=\"text-align: left;\">&nbsp;<\/td>\n<\/tr>\n<\/tbody>\n<\/table>\n","protected":false},"excerpt":{"rendered":"<p>Ter\u00fclet- \u00e9s Telep\u00fcl\u00e9sfejleszt\u00e9si Operat\u00edv Program Plusz \u201eFenntarthat\u00f3 versenyk\u00e9pes v\u00e1rosfejleszt\u00e9s\u201d c\u00edm\u0171  [&#8230;]<\/p>\n","protected":false},"author":2,"featured_media":0,"parent":0,"menu_order":0,"comment_status":"closed","ping_status":"closed","template":"","meta":{"ngg_post_thumbnail":0,"footnotes":""},"class_list":["post-1918","page","type-page","status-publish","hentry"],"_links":{"self":[{"href":"https:\/\/savaria2020.eu\/word\/wp-json\/wp\/v2\/pages\/1918","targetHints":{"allow":["GET"]}}],"collection":[{"href":"https:\/\/savaria2020.eu\/word\/wp-json\/wp\/v2\/pages"}],"about":[{"href":"https:\/\/savaria2020.eu\/word\/wp-json\/wp\/v2\/types\/page"}],"author":[{"embeddable":true,"href":"https:\/\/savaria2020.eu\/word\/wp-json\/wp\/v2\/users\/2"}],"replies":[{"embeddable":true,"href":"https:\/\/savaria2020.eu\/word\/wp-json\/wp\/v2\/comments?post=1918"}],"version-history":[{"count":2,"href":"https:\/\/savaria2020.eu\/word\/wp-json\/wp\/v2\/pages\/1918\/revisions"}],"predecessor-version":[{"id":1922,"href":"https:\/\/savaria2020.eu\/word\/wp-json\/wp\/v2\/pages\/1918\/revisions\/1922"}],"wp:attachment":[{"href":"https:\/\/savaria2020.eu\/word\/wp-json\/wp\/v2\/media?parent=1918"}],"curies":[{"name":"wp","href":"https:\/\/api.w.org\/{rel}","templated":true}]}}