{"id":1766,"date":"2025-07-22T08:55:32","date_gmt":"2025-07-22T08:55:32","guid":{"rendered":"https:\/\/savaria2020.eu\/word\/?page_id=1766"},"modified":"2025-07-22T13:40:36","modified_gmt":"2025-07-22T13:40:36","slug":"top_plusz-1-3-2-23-sh1-2025-00013-kozuti-infrastruktura-fejlesztese","status":"publish","type":"page","link":"https:\/\/savaria2020.eu\/word\/top_plusz-1-3-2-23-sh1-2025-00013-kozuti-infrastruktura-fejlesztese\/","title":{"rendered":"TOP_PLUSZ-1.3.2-23-SH1-2025-00013 &#8211; K\u00f6z\u00fati infrastrukt\u00fara fejleszt\u00e9se"},"content":{"rendered":"<p><strong> <img decoding=\"async\" class=\"alignnone wp-image-1729\" src=\"https:\/\/savaria2020.eu\/word\/wp-content\/uploads\/2025\/06\/kedvezmenyezetti_infoblokk_fekvo_magyar_rgb_page-0001.jpg\" alt=\"\" width=\"505\" height=\"144\"><\/strong><\/p>\n<p><strong>Projekt azonos\u00edt\u00f3 sz\u00e1ma: TOP_PLUSZ-1.3.2-23-SH1-2025-00013 <\/strong><\/p>\n<p><strong>Projekt c\u00edme: K\u00f6z\u00fati infrastrukt\u00fara fejleszt\u00e9se<\/strong><\/p>\n<p><strong><u>A projekt c\u00e9lja \u00e9s r\u00f6vid \u00f6sszefoglal\u00e1sa:&nbsp;<\/u><\/strong><\/p>\n<p>Szombathely Megyei Jog\u00fa V\u00e1ros \u00d6nkorm\u00e1nyzata, a Ter\u00fclet- \u00e9s Telep\u00fcl\u00e9sfejleszt\u00e9si Operat\u00edv Program Plusz (TOP PLUSZ) keret\u00e9ben a TOP PLUSZ 1.3.2 jel\u0171, \u201eFenntarthat\u00f3 v\u00e1rosfejleszt\u00e9s\u201d c. p\u00e1ly\u00e1zati felh\u00edv\u00e1sra, TOP_PLUSZ-1.3.2-23-SH1-2025-00013 azonos\u00edt\u00f3sz\u00e1mmal \u201eK\u00f6z\u00fati infrastrukt\u00fara fejleszt\u00e9se\u201d c\u00edmmel p\u00e1ly\u00e1zatot ny\u00fajtott be, amely alapj\u00e1n 475 962 450<strong>, &#8211; <\/strong>forint \u00f6sszeg\u0171&nbsp;vissza nem t\u00e9r\u00edtend\u0151 eur\u00f3pai uni\u00f3s t\u00e1mogat\u00e1sban r\u00e9szes\u00fclt. A projekt a Sz\u00e9chenyi Terv Plusz program keret\u00e9ben, az Eur\u00f3pai Uni\u00f3 t\u00e1mogat\u00e1s\u00e1val, a magyar \u00e1llam t\u00e1rsfinansz\u00edroz\u00e1s\u00e1val val\u00f3sul meg.<\/p>\n<p>A \u201eK\u00f6z\u00fati infrastrukt\u00fara fejleszt\u00e9se\u201d c. projekt legf\u0151bb c\u00e9lja a belter\u00fcleti k\u00f6zutak korszer\u0171s\u00edt\u00e9se, az \u00fath\u00e1l\u00f3zat min\u0151s\u00e9gi fejleszt\u00e9se. Az \u00f6nkorm\u00e1nyzati tulajdon\u00fa utak fel\u00faj\u00edt\u00e1s\u00e1val javul az \u00e1ltaluk el\u00e9rhet\u0151 forgalomvonz\u00f3 l\u00e9tes\u00edtm\u00e9nyek megk\u00f6zel\u00edthet\u0151s\u00e9ge, a gazdas\u00e1g \u00e9s j\u00f3l\u00e9t mobilit\u00e1si felt\u00e9teleinek biztos\u00edt\u00e1s\u00e1val pedig javul a v\u00e1rosban l\u00e9v\u0151 k\u00f6zleked\u00e9si infrastrukt\u00fara \u00e1ltal\u00e1nos \u00e1llapota.<\/p>\n<p><u>Jelen projekt keret\u00e9ben az al\u00e1bbi belter\u00fcleti utak fel\u00faj\u00edt\u00e1sa val\u00f3sul meg:<\/u><\/p>\n<ul>\n<li>Halast\u00f3 utca (Pet\u0151fi telep, P\u00e9terffy S. \u00e9s Vidos J. u. k\u00f6zti szakasz)<\/li>\n<li>Kunc Adolf utca<\/li>\n<li>J\u00e1szai Mari utca (Szent Fl\u00f3ri\u00e1n utca \u00e9s Szent Gell\u00e9rt utca k\u00f6zti szakasz)<\/li>\n<li>\u0150rs\u00e9g utca<\/li>\n<li>Csap\u00f3 utca<\/li>\n<li>Th\u00f6k\u00f6ly Imre utca (R\u00e1k\u00f3czi Ferenc utca \u00e9s M\u00e1ty\u00e1s kir\u00e1ly utca k\u00f6zti szakasz)<\/li>\n<li>M\u00e1ty\u00e1s kir\u00e1ly utca<\/li>\n<\/ul>\n<p><u>Fejleszt\u00e9ssel \u00e9rintett \u00fatszakasz hossza \u00f6sszesen:<\/u> 2,07 km<\/p>\n<p><strong>Kedvezm\u00e9nyezett (Konzorciumvezet\u0151): Szombathely Megyei Jog\u00fa V\u00e1ros \u00d6nkorm\u00e1nyzata<br \/>\n<\/strong><strong>Konzorciumi tag: Savaria V\u00e1rosfejleszt\u00e9si Nonprofit Kft.<br \/>\n<\/strong><strong>Meg\u00edt\u00e9lt t\u00e1mogat\u00e1s: 475 962 450,- Ft<br \/>\n<\/strong><strong>T\u00e1mogat\u00e1s m\u00e9rt\u00e9ke: 100%<br \/>\n<\/strong><strong>Megval\u00f3s\u00edt\u00e1si id\u0151szak: 2025.07.01. &#8211; 2028.12.31.<\/strong><\/p>\nngg_shortcode_0_placeholder\n","protected":false},"excerpt":{"rendered":"<p>Projekt azonos\u00edt\u00f3 sz\u00e1ma: TOP_PLUSZ-1.3.2-23-SH1-2025-00013 Projekt c\u00edme: K\u00f6z\u00fati infrastrukt\u00fara fejleszt\u00e9se A  [&#8230;]<\/p>\n","protected":false},"author":2,"featured_media":0,"parent":0,"menu_order":0,"comment_status":"closed","ping_status":"closed","template":"","meta":{"ngg_post_thumbnail":0,"footnotes":""},"class_list":["post-1766","page","type-page","status-publish","hentry"],"_links":{"self":[{"href":"https:\/\/savaria2020.eu\/word\/wp-json\/wp\/v2\/pages\/1766","targetHints":{"allow":["GET"]}}],"collection":[{"href":"https:\/\/savaria2020.eu\/word\/wp-json\/wp\/v2\/pages"}],"about":[{"href":"https:\/\/savaria2020.eu\/word\/wp-json\/wp\/v2\/types\/page"}],"author":[{"embeddable":true,"href":"https:\/\/savaria2020.eu\/word\/wp-json\/wp\/v2\/users\/2"}],"replies":[{"embeddable":true,"href":"https:\/\/savaria2020.eu\/word\/wp-json\/wp\/v2\/comments?post=1766"}],"version-history":[{"count":4,"href":"https:\/\/savaria2020.eu\/word\/wp-json\/wp\/v2\/pages\/1766\/revisions"}],"predecessor-version":[{"id":1847,"href":"https:\/\/savaria2020.eu\/word\/wp-json\/wp\/v2\/pages\/1766\/revisions\/1847"}],"wp:attachment":[{"href":"https:\/\/savaria2020.eu\/word\/wp-json\/wp\/v2\/media?parent=1766"}],"curies":[{"name":"wp","href":"https:\/\/api.w.org\/{rel}","templated":true}]}}