{"id":1199,"date":"2016-08-11T11:58:55","date_gmt":"2016-08-11T11:58:55","guid":{"rendered":"http:\/\/savaria2020.eu\/?page_id=1199"},"modified":"2021-07-02T10:38:54","modified_gmt":"2021-07-02T10:38:54","slug":"ovodak-energetikai-korszerusitese","status":"publish","type":"page","link":"https:\/\/savaria2020.eu\/word\/ovodak-energetikai-korszerusitese\/","title":{"rendered":"\u00d3vod\u00e1k energetikai korszer\u0171s\u00edt\u00e9se"},"content":{"rendered":"<p><div class=\"fusion-fullwidth fullwidth-box fusion-builder-row-1 fusion-flex-container fusion-parallax-none nonhundred-percent-fullwidth non-hundred-percent-height-scrolling\" style=\"--awb-background-position:left center;--awb-border-radius-top-left:0px;--awb-border-radius-top-right:0px;--awb-border-radius-bottom-right:0px;--awb-border-radius-bottom-left:0px;--awb-padding-top:130px;--awb-padding-bottom:120px;--awb-background-image:url(&quot;https:\/\/savaria2020.eu\/word\/wp-content\/uploads\/2018\/02\/IMG_20180119_152523.jpg&quot;);--awb-background-size:cover;--awb-border-sizes-top:0px;--awb-border-sizes-bottom:0px;--awb-flex-wrap:wrap;\" ><div class=\"fusion-builder-row fusion-row fusion-flex-align-items-flex-start fusion-flex-content-wrap\" style=\"max-width:calc( 1200px + 0px );margin-left: calc(-0px \/ 2 );margin-right: calc(-0px \/ 2 );\"><div class=\"fusion-layout-column fusion_builder_column fusion-builder-column-0 fusion_builder_column_1_1 1_1 fusion-flex-column\" style=\"--awb-bg-size:cover;--awb-width-large:100%;--awb-margin-top-large:0px;--awb-spacing-right-large:0px;--awb-margin-bottom-large:20px;--awb-spacing-left-large:0px;--awb-width-medium:100%;--awb-spacing-right-medium:0px;--awb-spacing-left-medium:0px;--awb-width-small:100%;--awb-spacing-right-small:0px;--awb-spacing-left-small:0px;\"><div class=\"fusion-column-wrapper fusion-flex-justify-content-flex-start fusion-content-layout-column\"><div class=\"fusion-text fusion-text-1\"><h2><span style=\"color: #ffffff;\">\u00d3vod\u00e1k energetikai korszer\u0171s\u00edt\u00e9se<\/span><\/h2>\n<\/div><div class=\"fusion-separator fusion-full-width-sep\" style=\"align-self: center;margin-left: auto;margin-right: auto;margin-top:20px;width:100%;\"><\/div><\/div><\/div><\/div><\/div><div class=\"fusion-fullwidth fullwidth-box fusion-builder-row-2 fusion-flex-container nonhundred-percent-fullwidth non-hundred-percent-height-scrolling\" style=\"--awb-background-position:left top;--awb-border-radius-top-left:0px;--awb-border-radius-top-right:0px;--awb-border-radius-bottom-right:0px;--awb-border-radius-bottom-left:0px;--awb-padding-top:130px;--awb-padding-right:30px;--awb-padding-bottom:130px;--awb-padding-left:30px;--awb-border-sizes-top:0px;--awb-border-sizes-bottom:0px;--awb-flex-wrap:wrap;\" ><div class=\"fusion-builder-row fusion-row fusion-flex-align-items-flex-start fusion-flex-content-wrap\" style=\"max-width:calc( 1200px + 0px );margin-left: calc(-0px \/ 2 );margin-right: calc(-0px \/ 2 );\"><div class=\"fusion-layout-column fusion_builder_column fusion-builder-column-1 fusion_builder_column_1_1 1_1 fusion-flex-column\" style=\"--awb-bg-size:cover;--awb-width-large:100%;--awb-margin-top-large:0px;--awb-spacing-right-large:0px;--awb-margin-bottom-large:20px;--awb-spacing-left-large:0px;--awb-width-medium:100%;--awb-spacing-right-medium:0px;--awb-spacing-left-medium:0px;--awb-width-small:100%;--awb-spacing-right-small:0px;--awb-spacing-left-small:0px;\"><div class=\"fusion-column-wrapper fusion-flex-justify-content-flex-start fusion-content-layout-column\"><div class=\"fusion-text fusion-text-2\"><h2>TOP-6.5.1-15-SH1-2016-00004<\/h2>\n<\/div><div class=\"fusion-separator\" style=\"align-self: flex-start;margin-right:auto;margin-top:0px;margin-bottom:35px;width:100%;max-width:170px;\"><div class=\"fusion-separator-border sep-single sep-solid\" style=\"--awb-height:20px;--awb-amount:20px;--awb-sep-color:#e2e3e8;border-color:#e2e3e8;border-top-width:3px;\"><\/div><\/div><div class=\"fusion-text fusion-text-3\"><h3><em> A &nbsp;projekt f\u0151bb adatai: <\/em><\/h3>\n<\/div><ul style=\"--awb-size:13px;--awb-line-height:22.1px;--awb-icon-width:22.1px;--awb-icon-height:22.1px;--awb-icon-margin:9.1px;--awb-content-margin:31.2px;--awb-circlecolor:#000000;--awb-circle-yes-font-size:11.44px;\" class=\"fusion-checklist fusion-checklist-1 fusion-checklist-default type-icons\"><li class=\"fusion-li-item\" style=\"\"><span class=\"icon-wrapper circle-yes\"><i class=\"fusion-li-icon fa fa-check\" aria-hidden=\"true\"><\/i><\/span><div class=\"fusion-li-item-content\"><b>Projekt c\u00edme:<\/b>&nbsp;\u00d3vod\u00e1k energetikai korszer\u0171s\u00edt\u00e9se<\/div><\/li><li class=\"fusion-li-item\" style=\"\"><span class=\"icon-wrapper circle-yes\"><i class=\"fusion-li-icon fa fa-check\" aria-hidden=\"true\"><\/i><\/span><div class=\"fusion-li-item-content\"><b>Projekt azonos\u00edt\u00f3 sz\u00e1ma:<\/b>&nbsp;TOP-6.5.1-15-SH1-2016-00004<\/div><\/li><li class=\"fusion-li-item\" style=\"\"><span class=\"icon-wrapper circle-yes\"><i class=\"fusion-li-icon fa fa-check\" aria-hidden=\"true\"><\/i><\/span><div class=\"fusion-li-item-content\"><b>(F\u0151)Kedvezm\u00e9nyezett neve:<\/b>&nbsp;Szombathely Megyei Jog\u00fa V\u00e1ros \u00d6nkorm\u00e1nyzata<\/div><\/li><li class=\"fusion-li-item\" style=\"\"><span class=\"icon-wrapper circle-yes\"><i class=\"fusion-li-icon fa fa-check\" aria-hidden=\"true\"><\/i><\/span><div class=\"fusion-li-item-content\"><b>T\u00e1mogat\u00f3 Program:<\/b>&nbsp;A projekt az Eur\u00f3pai Uni\u00f3 t\u00e1mogat\u00e1s\u00e1val val\u00f3sul meg, a Ter\u00fclet- \u00e9s Telep\u00fcl\u00e9sfejleszt\u00e9si Operat\u00edv Program \u2013 &#8222;\u00d6nkorm\u00e1nyzati \u00e9p\u00fcletek energetikai korszer\u0171s\u00edt\u00e9se&#8221; (TOP-6.5.1-15) t\u00e1rgy\u00fa felh\u00edv\u00e1s keret\u00e9ben val\u00f3sul meg.<\/div><\/li><li class=\"fusion-li-item\" style=\"\"><span class=\"icon-wrapper circle-yes\"><i class=\"fusion-li-icon fa fa-check\" aria-hidden=\"true\"><\/i><\/span><div class=\"fusion-li-item-content\"><b>Meg\u00edt\u00e9lt t\u00e1mogat\u00e1s:<\/b> 294 312 000 Ft<\/div><\/li><li class=\"fusion-li-item\" style=\"\"><span class=\"icon-wrapper circle-yes\"><i class=\"fusion-li-icon fa fa-check\" aria-hidden=\"true\"><\/i><\/span><div class=\"fusion-li-item-content\"><b>T\u00e1mogat\u00e1s m\u00e9rt\u00e9ke:<\/b>&nbsp;100 %<\/div><\/li><li class=\"fusion-li-item\" style=\"\"><span class=\"icon-wrapper circle-yes\"><i class=\"fusion-li-icon fa fa-check\" aria-hidden=\"true\"><\/i><\/span><div class=\"fusion-li-item-content\"><b>Projekt helysz\u00edn:<\/b>&nbsp;Szombathely, Bem J\u00f3zsef u. 33., Margar\u00e9ta u. 1., P\u00e1zm\u00e1ny P\u00e9ter krt. 26.<\/div><\/li><li class=\"fusion-li-item\" style=\"\"><span class=\"icon-wrapper circle-yes\"><i class=\"fusion-li-icon fa fa-check\" aria-hidden=\"true\"><\/i><\/span><div class=\"fusion-li-item-content\"><b>A projekt v\u00e9grehajt\u00e1s\u00e1ban k\u00f6zrem\u0171k\u00f6d\u0151 szervezet:<\/b>&nbsp;Magyar \u00c1llamkincst\u00e1r Vas Megyei Igazgat\u00f3s\u00e1g<\/div><\/li><\/ul><\/div><\/div><\/div><\/div><div class=\"fusion-fullwidth fullwidth-box fusion-builder-row-3 fusion-flex-container fusion-parallax-fixed nonhundred-percent-fullwidth non-hundred-percent-height-scrolling\" style=\"--awb-border-radius-top-left:0px;--awb-border-radius-top-right:0px;--awb-border-radius-bottom-right:0px;--awb-border-radius-bottom-left:0px;--awb-padding-top:110px;--awb-padding-bottom:50px;--awb-background-image:url(&quot;https:\/\/savaria2020.eu\/word\/wp-content\/uploads\/2016\/08\/banner-1.png&quot;);--awb-background-size:cover;--awb-border-sizes-top:0px;--awb-border-sizes-bottom:0px;--awb-flex-wrap:wrap;background-attachment:fixed;\" ><div class=\"fusion-builder-row fusion-row fusion-flex-align-items-flex-start fusion-flex-content-wrap\" style=\"max-width:1248px;margin-left: calc(-4% \/ 2 );margin-right: calc(-4% \/ 2 );\"><div class=\"fusion-layout-column fusion_builder_column fusion-builder-column-2 fusion_builder_column_1_2 1_2 fusion-flex-column\" style=\"--awb-bg-position:right center;--awb-bg-size:cover;--awb-border-color:#ffffff;--awb-border-right:3px;--awb-border-style:solid;--awb-width-large:50%;--awb-margin-top-large:0px;--awb-spacing-right-large:3.84%;--awb-margin-bottom-large:0px;--awb-spacing-left-large:3.84%;--awb-width-medium:50%;--awb-spacing-right-medium:3.84%;--awb-spacing-left-medium:3.84%;--awb-width-small:100%;--awb-spacing-right-small:1.92%;--awb-spacing-left-small:1.92%;\"><div class=\"fusion-column-wrapper fusion-flex-justify-content-flex-start fusion-content-layout-column\"><div class=\"fusion-text fusion-text-4\"><h2><span style=\"color: #ffffff;\"> Projekt megval\u00f3s\u00edt\u00e1s\u00e1nak <\/span><br \/>\n<span style=\"color: #ffffff;\">\u00f6sszege:<\/span><\/h2>\n<\/div><\/div><\/div><div class=\"fusion-layout-column fusion_builder_column fusion-builder-column-3 fusion_builder_column_1_2 1_2 fusion-flex-column\" style=\"--awb-bg-size:cover;--awb-width-large:50%;--awb-margin-top-large:0px;--awb-spacing-right-large:3.84%;--awb-margin-bottom-large:100px;--awb-spacing-left-large:3.84%;--awb-width-medium:50%;--awb-spacing-right-medium:3.84%;--awb-spacing-left-medium:3.84%;--awb-width-small:100%;--awb-spacing-right-small:1.92%;--awb-spacing-left-small:1.92%;\"><div class=\"fusion-column-wrapper fusion-flex-justify-content-flex-start fusion-content-layout-column\"><div class=\"fusion-counters-box counters-box row fusion-clearfix fusion-columns-1\" style=\"--awb-color:#ffffff;--awb-title-size:40;\"><div class=\"fusion-counter-box fusion-column col-counter-box counter-box-wrapper col-lg-12 col-md-12 col-sm-12\" data-animationOffset=\"top-into-view\"><div class=\"counter-box-container\"><div class=\"content-box-percentage content-box-counter\"><span class=\"display-counter\" data-value=\"294312000\" data-delimiter=\".\" data-direction=\"up\" data-decimals=\"0\">0<\/span><span class=\"unit\">Ft<\/span><\/div><div class=\"counter-box-content\"><\/div><\/div><\/div><\/div><\/div><\/div><\/div><\/div><div class=\"fusion-fullwidth fullwidth-box fusion-builder-row-4 fusion-flex-container nonhundred-percent-fullwidth non-hundred-percent-height-scrolling\" style=\"--awb-background-position:left top;--awb-border-radius-top-left:0px;--awb-border-radius-top-right:0px;--awb-border-radius-bottom-right:0px;--awb-border-radius-bottom-left:0px;--awb-padding-top:70px;--awb-padding-bottom:30px;--awb-border-sizes-top:0px;--awb-border-sizes-bottom:0px;--awb-flex-wrap:wrap;\" ><div class=\"fusion-builder-row fusion-row fusion-flex-align-items-stretch fusion-flex-content-wrap\" style=\"max-width:1248px;margin-left: calc(-4% \/ 2 );margin-right: calc(-4% \/ 2 );\"><div class=\"fusion-layout-column fusion_builder_column fusion-builder-column-4 fusion_builder_column_2_5 2_5 fusion-flex-column\" style=\"--awb-bg-color:#f8f8f8;--awb-bg-color-hover:#f8f8f8;--awb-bg-size:cover;--awb-width-large:40%;--awb-margin-top-large:0px;--awb-spacing-right-large:3.84%;--awb-margin-bottom-large:20px;--awb-spacing-left-large:4.8%;--awb-width-medium:40%;--awb-spacing-right-medium:3.84%;--awb-spacing-left-medium:4.8%;--awb-width-small:100%;--awb-spacing-right-small:1.92%;--awb-spacing-left-small:1.92%;\"><div class=\"fusion-column-wrapper fusion-flex-justify-content-flex-start fusion-content-layout-column\"><\/div><\/div><div class=\"fusion-layout-column fusion_builder_column fusion-builder-column-5 fusion_builder_column_3_5 3_5 fusion-flex-column\" style=\"--awb-bg-color:#f8f8f8;--awb-bg-color-hover:#f8f8f8;--awb-bg-size:cover;--awb-width-large:60%;--awb-margin-top-large:0px;--awb-spacing-right-large:3.2%;--awb-margin-bottom-large:40px;--awb-spacing-left-large:3.84%;--awb-width-medium:60%;--awb-spacing-right-medium:3.2%;--awb-spacing-left-medium:3.84%;--awb-width-small:100%;--awb-spacing-right-small:1.92%;--awb-spacing-left-small:1.92%;\"><div class=\"fusion-column-wrapper fusion-flex-justify-content-flex-start fusion-content-layout-column\"><\/div><\/div><\/div><\/div><div class=\"fusion-fullwidth fullwidth-box fusion-builder-row-5 fusion-flex-container nonhundred-percent-fullwidth non-hundred-percent-height-scrolling\" style=\"--awb-background-position:left top;--awb-border-radius-top-left:0px;--awb-border-radius-top-right:0px;--awb-border-radius-bottom-right:0px;--awb-border-radius-bottom-left:0px;--awb-padding-top:20px;--awb-padding-bottom:20px;--awb-border-sizes-top:0px;--awb-border-sizes-bottom:0px;--awb-flex-wrap:wrap;\" ><div class=\"fusion-builder-row fusion-row fusion-flex-align-items-flex-start fusion-flex-content-wrap\" style=\"max-width:calc( 1200px + 0px );margin-left: calc(-0px \/ 2 );margin-right: calc(-0px \/ 2 );\"><div class=\"fusion-layout-column fusion_builder_column fusion-builder-column-6 fusion_builder_column_1_1 1_1 fusion-flex-column fusion-flex-align-self-flex-start fusion-column-no-min-height\" style=\"--awb-bg-size:cover;--awb-width-large:100%;--awb-margin-top-large:0px;--awb-spacing-right-large:0px;--awb-margin-bottom-large:0px;--awb-spacing-left-large:0px;--awb-width-medium:100%;--awb-spacing-right-medium:0px;--awb-spacing-left-medium:0px;--awb-width-small:100%;--awb-spacing-right-small:0px;--awb-spacing-left-small:0px;\"><div class=\"fusion-column-wrapper fusion-flex-justify-content-flex-start fusion-content-layout-column\"><div class=\"fusion-text fusion-text-5\"><h2>A projekt r\u00f6vid \u00f6sszefoglal\u00e1sa<\/h2>\n<\/div><div class=\"fusion-separator\" style=\"align-self: center;margin-left: auto;margin-right: auto;margin-top:0px;margin-bottom:35px;width:100%;max-width:500px;\"><div class=\"fusion-separator-border sep-shadow\" style=\"--awb-height:20px;--awb-amount:20px;--awb-sep-color:#e2e3e8;background:radial-gradient(ellipse at 50% -50% , #e2e3e8 0px, rgba(255, 255, 255, 0) 80%) repeat scroll 0 0 rgba(0, 0, 0, 0);background:-webkit-radial-gradient(ellipse at 50% -50% , #e2e3e8 0px, rgba(255, 255, 255, 0) 80%) repeat scroll 0 0 rgba(0, 0, 0, 0);background:-moz-radial-gradient(ellipse at 50% -50% , #e2e3e8 0px, rgba(255, 255, 255, 0) 80%) repeat scroll 0 0 rgba(0, 0, 0, 0);background:-o-radial-gradient(ellipse at 50% -50% , #e2e3e8 0px, rgba(255, 255, 255, 0) 80%) repeat scroll 0 0 rgba(0, 0, 0, 0);\"><\/div><\/div><\/div><\/div><div class=\"fusion-layout-column fusion_builder_column fusion-builder-column-7 fusion_builder_column_1_1 1_1 fusion-flex-column\" style=\"--awb-bg-size:cover;--awb-width-large:100%;--awb-margin-top-large:0px;--awb-spacing-right-large:0px;--awb-margin-bottom-large:20px;--awb-spacing-left-large:0px;--awb-width-medium:100%;--awb-spacing-right-medium:0px;--awb-spacing-left-medium:0px;--awb-width-small:100%;--awb-spacing-right-small:0px;--awb-spacing-left-small:0px;\"><div class=\"fusion-column-wrapper fusion-flex-justify-content-flex-start fusion-content-layout-column\"><div class=\"fusion-text fusion-text-6\"><p>Szombathely Megyei Jog\u00fa V\u00e1ros \u00d6nkorm\u00e1nyzata 2015 \u00e1prilis\u00e1ban fogadta el a v\u00e1ros Kl\u00edmav\u00e9delmi \u00e9s energiai strat\u00e9gi\u00e1j\u00e1t. A strat\u00e9giai dokumentum c\u00e9lkit\u0171z\u00e9sei k\u00f6z\u00e9 tartozik az \u00fcvegh\u00e1z hat\u00e1s\u00fa g\u00e1zok kibocs\u00e1t\u00e1s\u00e1nak cs\u00f6kkent\u00e9se \u00e9s a meg\u00fajul\u00f3 energiaforr\u00e1sok sz\u00e9lesk\u00f6r\u0171 alkalmaz\u00e1sa.<br \/>\nA fejleszt\u00e9s illeszkedik a Ter\u00fclet- \u00e9s Telep\u00fcl\u00e9sfejleszt\u00e9si Operat\u00edv program strat\u00e9giai c\u00e9ljaihoz, a sz\u00e9ndioxid kibocs\u00e1t\u00e1s jelent\u0151s cs\u00f6kkent\u00e9s\u00e9vel hozz\u00e1j\u00e1rul Szombathely MJV CO<sub>2<\/sub> kibocs\u00e1t\u00e1st cs\u00f6kkent\u0151 programj\u00e1hoz.<\/p>\n<p>A TOP-6.5.1-15-SH1-2016-00004 sz\u00e1m\u00fa, a \u201e\u00d3vod\u00e1k energetikai korszer\u0171s\u00edt\u00e9se\u201d c\u00edm\u0171 projekt az \u00d6nkorm\u00e1nyzat tulajdon\u00e1ban l\u00e9v\u0151 ingatlanokon, 3 k\u00fcl\u00f6nb\u00f6z\u0151 helysz\u00ednen val\u00f3sul meg (Szombathely, 2804\/14, 8157\/21, 10029\/1 hrsz.).<\/p>\n<p><u>A fejleszt\u00e9sben \u00e9rintett \u00f3vod\u00e1k: <\/u><\/p>\n<ul>\n<li>H\u00e9tsz\u00ednvir\u00e1g \u00d3voda (9700 Szombathely, Bem J. u. 33.)<\/li>\n<li>Micimack\u00f3 \u00d3voda \/Napsug\u00e1r \u00d3voda (9700 Szombathely, P\u00e1zm\u00e1ny P. krt. 26.)<\/li>\n<li>Margar\u00e9ta \u00d3voda (9700 Szombathely, Margar\u00e9ta u. 1.)<\/li>\n<\/ul>\n<p><strong>H\u00e9tsz\u00ednvir\u00e1g \u00d3voda&nbsp; <\/strong><\/p>\n<p>Az 1970-ben \u00e9p\u00fclt Szombathelyi H\u00e9tsz\u00ednvir\u00e1g \u00f3voda jelenleg 7 csoporttal \u00fczemel. Az \u00e9p\u00fclet homlokzat\u00e1t meg\u00e9p\u00edt\u00e9se \u00f3ta nem korszer\u0171s\u00edtett\u00e9k, omladoz\u00f3 vakolat, ki\u00e1ll\u00f3 t\u00e9gl\u00e1k rontj\u00e1k az \u00e9p\u00fclet \u00f6sszk\u00e9p\u00e9t. Az \u00e9p\u00fclet f\u0171t\u00e9s\u00e9t t\u00e1vh\u0151 biztos\u00edtja, mely k\u00f6lts\u00e9ge a h\u0151szigetel\u00e9s hi\u00e1nya miatt jelent\u0151s. Az \u00e9p\u00fclet tet\u0151szerkezet\u00e9t tekintve lapostet\u0151s, mely folyamatos karbantart\u00e1st \u00e9s jav\u00edt\u00e1st ig\u00e9nyel a be\u00e1z\u00e1sok visszat\u00e9r\u00e9s\u00e9nek megakad\u00e1lyoz\u00e1sa \u00e9rdek\u00e9ben. Hossz\u00fat\u00e1von a tet\u0151 teljes szigetel\u00e9se sz\u00fcks\u00e9ges. Az \u00e9p\u00fclet ny\u00edl\u00e1sz\u00e1r\u00f3it r\u00e9szlegesen cser\u00e9lt\u00e9k, de akadnak r\u00e9gi, megvetemedett fa ny\u00edl\u00e1sz\u00e1r\u00f3k is.<br \/>\nAz \u00e9p\u00fclet teljes fel\u00faj\u00edt\u00e1sra szorul, amely kiterjed az \u00e9p\u00fclet homlokzat\u00e1nak szigetel\u00e9s\u00e9re, tet\u0151 szigetel\u00e9s\u00e9re, valamint a bels\u0151 burkolatok cser\u00e9j\u00e9re is. Sz\u00fcks\u00e9ges a r\u00e9gi ny\u00edl\u00e1sz\u00e1r\u00f3k \u00e9s f\u00e9m panelok cser\u00e9je, valamint a villamos h\u00e1l\u00f3zat teljes korszer\u0171s\u00edt\u00e9se.<\/p>\n<p><strong>Mi<\/strong><strong>cimack\u00f3 \u00d3voda \/ Napsug\u00e1r \u00d3voda<\/strong><\/p>\n<p>A k\u00e9t int\u00e9zm\u00e9ny egy helyrajzi sz\u00e1mon \u00e9s egy \u00e9p\u00fcletben tal\u00e1lhat\u00f3, de \u00e9p\u00edt\u00e9szetileg teljesen elk\u00fcl\u00f6n\u00edtetten.<br \/>\nA Szombathelyi Micimack\u00f3 \u00f3voda a v\u00e1ros egyetlen fogyat\u00e9kos gyermekekkel foglalkoz\u00f3 \u00f3vod\u00e1ja 1975-ben \u00e9p\u00fcl. Az \u00e9p\u00fclet homlokzata omladoz\u00f3, h\u0151szigetel\u00e9s nincs. Tet\u0151szerkezete lapos-tet\u0151, amely teljes fel\u00faj\u00edt\u00e1st ig\u00e9nyel.<br \/>\nAz \u00e9p\u00fclet ny\u00edl\u00e1sz\u00e1r\u00f3i r\u00e9szlegesen lettek csup\u00e1n kicser\u00e9lve, az \u00e9p\u00edt\u00e9skori ablakok \u00e1llaga kritikus. Az \u00e9p\u00fcletet a Napsug\u00e1r \u00f3vod\u00e1val k\u00f6z\u00f6sen a t\u00e1vh\u0151 f\u0171ti. A radi\u00e1torok \u00e1llapot\u00e1t tekintve elavultak, javasolt teljes f\u0171t\u00e9srendszer korszer\u0171s\u00edt\u00e9s. Az \u00e9p\u00fclet villamos h\u00e1l\u00f3zata \u00e9p\u00edt\u00e9se \u00f3ta komolyabb fel\u00faj\u00edt\u00e1son nem ment kereszt\u00fcl, a vil\u00e1g\u00edt\u00e1s korszer\u0171s\u00edt\u00e9s sem volt teljes k\u00f6r\u0171. Az \u00e9p\u00fcletben uszoda tal\u00e1lhat\u00f3, amely helyis\u00e9g rendk\u00edv\u00fcl p\u00e1r\u00e1s, elsz\u00edv\u00f3 berendez\u00e9s ki\u00e9p\u00edt\u00e9se er\u0151sen indokolt \u00e9s javasolt.<br \/>\nAz \u00f3voda fel\u00faj\u00edt\u00e1sa kiterjed a homlokzati h\u0151szigetel\u00e9sre v\u00edzszigetel\u00e9sre, ny\u00edl\u00e1sz\u00e1r\u00f3 cser\u00e9kre, tet\u0151szigetel\u00e9sre, valamint az \u00e9p\u00fclet g\u00e9p\u00e9szeti berendez\u00e9seinek (radi\u00e1torok, elsz\u00edv\u00f3 berendez\u00e9s stb.) cser\u00e9j\u00e9re is. Indokolt a vil\u00e1g\u00edt\u00e1s korszer\u0171s\u00edt\u00e9se, napelemek telep\u00edt\u00e9se.<\/p>\n<p>A Szombathelyi Napsug\u00e1r \u00f3voda 1975-ben \u00e9p\u00fclt, jelenleg \u00f6t csoporttal \u00fczemel. Az \u00e9p\u00fclet homlokzata t\u00e9gl\u00e1val burkolt, h\u0151szigetelve nincs. Az \u00e9p\u00fclet ny\u00edl\u00e1sz\u00e1r\u00f3i a konyhai r\u00e9sz kiv\u00e9tel\u00e9vel h\u0151szigetelt m\u0171anyagok. Tet\u0151szerkezete lapostet\u0151s. Az \u00e9p\u00fclet f\u0171t\u00e9s\u00e9t a t\u00e1vh\u0151 biztos\u00edtja, a melegv\u00edz ell\u00e1t\u00e1sr\u00f3l egyedi g\u00e1zbojler gondoskodik. Az \u00e9p\u00fcletben tal\u00e1lhat\u00f3 radi\u00e1torok egy r\u00e9sze korszer\u0171 lapradi\u00e1tor, viszont a csoportszob\u00e1kban \u00e9s irod\u00e1kban alapvet\u0151en r\u00e9gi lemezradi\u00e1torok tal\u00e1lhat\u00f3k.<\/p>\n<p>Sz\u00fcks\u00e9ges az \u00e9p\u00fcletet energetikailag fejleszteni ut\u00f3lagos k\u00fcls\u0151 h\u0151szigetel\u00e9ssel, az eredeti radi\u00e1torok cser\u00e9j\u00e9vel, valamint a tet\u0151 teljes szigetel\u00e9s\u00e9vel.<\/p>\n<p><strong>Margar\u00e9ta \u00d3voda<\/strong><\/p>\n<p>A Szombathelyi Margar\u00e9ta \u00d3voda 1979-ben \u00e9p\u00fclt panel\u00e9p\u00fclet. A lecs\u00f6kkent gyermekl\u00e9tsz\u00e1m miatt az eredetileg 8 csoport \u00f3vod\u00e1nak tervezett \u00e9p\u00fcletben n\u00e9gy csoport kapott helyet. Homlokzata sz\u00ednezett, h\u0151szigetelve nincs. Tet\u0151szerkezet\u00e9t tekintve lapostet\u0151s, az \u00e9p\u00fclet ny\u00edl\u00e1sz\u00e1r\u00f3it m\u0171anyagra cser\u00e9lt\u00e9k.<br \/>\nAz \u00e9p\u00fcletet egyedi kaz\u00e1n f\u0171ti, amely k\u00fcl\u00f6n \u00e9p\u00fcletben tal\u00e1lhat\u00f3. A kaz\u00e1nh\u00e1z \u00e9p\u00fclet\u00e9nek tet\u0151szigetel\u00e9se 2013-\u00e9vben teljes fel\u00faj\u00edt\u00e1son esett \u00e1t, de bels\u0151 \u00e1llapota \u00edgy sem megfelel\u0151, tekintettel arra, hogy a be\u00e1z\u00e1sok megsz\u0171ntet\u00e9se \u00f3ta a vakolatot nem jav\u00edtott\u00e1k.<br \/>\nAz \u00e9p\u00fclet ut\u00f3lagos k\u00fcls\u0151 h\u0151szigetel\u00e9se indokolt. Sz\u00fcks\u00e9g van az \u00e9p\u00fcletben tal\u00e1lhat\u00f3 f\u0171t\u00e9si rendszer korszer\u0171s\u00edt\u00e9s\u00e9re is.<\/p>\n<p>A fel\u00faj\u00edt\u00e1s tov\u00e1bbi eredm\u00e9nye az \u00e9p\u00fcletek \u00fczemeltet\u00e9s\u00e9n\u00e9l, a jelenlegin\u00e9l alacsonyabb fenntart\u00e1si k\u00f6lts\u00e9g el\u00e9r\u00e9se.<\/p>\n<\/div><\/div><\/div><\/div><\/div><div class=\"fusion-fullwidth fullwidth-box fusion-builder-row-6 fusion-flex-container hundred-percent-fullwidth non-hundred-percent-height-scrolling\" style=\"--awb-border-radius-top-left:0px;--awb-border-radius-top-right:0px;--awb-border-radius-bottom-right:0px;--awb-border-radius-bottom-left:0px;--awb-overflow:visible;--awb-padding-right:30px;--awb-padding-left:30px;--awb-flex-wrap:wrap;\" ><div class=\"fusion-builder-row fusion-row fusion-flex-align-items-flex-start fusion-flex-content-wrap\" style=\"width:calc( 100% + 0px ) !important;max-width:calc( 100% + 0px ) !important;margin-left: calc(-0px \/ 2 );margin-right: calc(-0px \/ 2 );\"><div class=\"fusion-layout-column fusion_builder_column fusion-builder-column-8 fusion_builder_column_1_1 1_1 fusion-flex-column fusion-flex-align-self-flex-start fusion-column-no-min-height\" style=\"--awb-bg-size:cover;--awb-width-large:100%;--awb-margin-top-large:0px;--awb-spacing-right-large:0px;--awb-margin-bottom-large:0px;--awb-spacing-left-large:0px;--awb-width-medium:100%;--awb-spacing-right-medium:0px;--awb-spacing-left-medium:0px;--awb-width-small:100%;--awb-spacing-right-small:0px;--awb-spacing-left-small:0px;\"><div class=\"fusion-column-wrapper fusion-flex-justify-content-flex-start fusion-content-layout-column\"><div class=\"fusion-text fusion-text-7\"><p><img decoding=\"async\" class=\"size-full wp-image-1297 alignright\" src=\"https:\/\/savaria2020.eu\/word\/wp-content\/uploads\/2018\/02\/infoblokk_kedv_final_CMYK_ERFA.jpg\" alt=\"\" width=\"435\" height=\"300\" srcset=\"https:\/\/savaria2020.eu\/word\/wp-content\/uploads\/2018\/02\/infoblokk_kedv_final_CMYK_ERFA-200x138.jpg 200w, https:\/\/savaria2020.eu\/word\/wp-content\/uploads\/2018\/02\/infoblokk_kedv_final_CMYK_ERFA-300x207.jpg 300w, https:\/\/savaria2020.eu\/word\/wp-content\/uploads\/2018\/02\/infoblokk_kedv_final_CMYK_ERFA-400x276.jpg 400w, https:\/\/savaria2020.eu\/word\/wp-content\/uploads\/2018\/02\/infoblokk_kedv_final_CMYK_ERFA-600x415.jpg 600w, https:\/\/savaria2020.eu\/word\/wp-content\/uploads\/2018\/02\/infoblokk_kedv_final_CMYK_ERFA-768x531.jpg 768w, https:\/\/savaria2020.eu\/word\/wp-content\/uploads\/2018\/02\/infoblokk_kedv_final_CMYK_ERFA-800x553.jpg 800w, https:\/\/savaria2020.eu\/word\/wp-content\/uploads\/2018\/02\/infoblokk_kedv_final_CMYK_ERFA-1024x708.jpg 1024w, https:\/\/savaria2020.eu\/word\/wp-content\/uploads\/2018\/02\/infoblokk_kedv_final_CMYK_ERFA-1200x829.jpg 1200w, https:\/\/savaria2020.eu\/word\/wp-content\/uploads\/2018\/02\/infoblokk_kedv_final_CMYK_ERFA.jpg 1453w\" sizes=\"(max-width: 435px) 100vw, 435px\" \/><\/p>\n<\/div><\/div><\/div><\/div><\/div><div class=\"fusion-fullwidth fullwidth-box fusion-builder-row-7 fusion-flex-container nonhundred-percent-fullwidth non-hundred-percent-height-scrolling\" style=\"--awb-background-position:left top;--awb-border-radius-top-left:0px;--awb-border-radius-top-right:0px;--awb-border-radius-bottom-right:0px;--awb-border-radius-bottom-left:0px;--awb-padding-top:20px;--awb-padding-bottom:20px;--awb-border-sizes-top:0px;--awb-border-sizes-bottom:0px;--awb-flex-wrap:wrap;\" ><div class=\"fusion-builder-row fusion-row fusion-flex-align-items-flex-start fusion-flex-content-wrap\" style=\"max-width:calc( 1200px + 0px );margin-left: calc(-0px \/ 2 );margin-right: calc(-0px \/ 2 );\"><\/div><\/div><\/p>\n","protected":false},"excerpt":{"rendered":"","protected":false},"author":2,"featured_media":0,"parent":0,"menu_order":0,"comment_status":"closed","ping_status":"closed","template":"100-width.php","meta":{"ngg_post_thumbnail":0,"footnotes":""},"class_list":["post-1199","page","type-page","status-publish","hentry"],"_links":{"self":[{"href":"https:\/\/savaria2020.eu\/word\/wp-json\/wp\/v2\/pages\/1199","targetHints":{"allow":["GET"]}}],"collection":[{"href":"https:\/\/savaria2020.eu\/word\/wp-json\/wp\/v2\/pages"}],"about":[{"href":"https:\/\/savaria2020.eu\/word\/wp-json\/wp\/v2\/types\/page"}],"author":[{"embeddable":true,"href":"https:\/\/savaria2020.eu\/word\/wp-json\/wp\/v2\/users\/2"}],"replies":[{"embeddable":true,"href":"https:\/\/savaria2020.eu\/word\/wp-json\/wp\/v2\/comments?post=1199"}],"version-history":[{"count":4,"href":"https:\/\/savaria2020.eu\/word\/wp-json\/wp\/v2\/pages\/1199\/revisions"}],"predecessor-version":[{"id":1595,"href":"https:\/\/savaria2020.eu\/word\/wp-json\/wp\/v2\/pages\/1199\/revisions\/1595"}],"wp:attachment":[{"href":"https:\/\/savaria2020.eu\/word\/wp-json\/wp\/v2\/media?parent=1199"}],"curies":[{"name":"wp","href":"https:\/\/api.w.org\/{rel}","templated":true}]}}